site number?
False
Is 3287429 a composite number?
False
Is 72220787 prime?
True
Is 92867387 prime?
True
Is 17650793 a prime number?
True
Is 972043 a composite number?
True
Is 31762349 prime?
True
Is 158262529 a prime number?
True
Is 6031657 composite?
False
Is 77204161 prime?
False
Is 9970981 composite?
False
Is 285390211 a composite number?
False
Is 41422697 composite?
False
Is 778927 a prime number?
True
Is 41098087 composite?
True
Is 1278856855 a composite number?
True
Is 76878191 a composite number?
True
Is 529786199 composite?
False
Is 219371011 composite?
False
Is 381263417 prime?
True
Is 178639 composite?
False
Is 1751437109 a prime number?
True
Is 8105731 composite?
False
Is 14869333 a composite number?
False
Is 11535155 composite?
True
Is 3550949 prime?
True
Is 45877 composite?
True
Is 62993533 a prime number?
False
Is 4845949 a prime number?
False
Is 51427603 composite?
False
Is 6084343 prime?
False
Is 42479669 a prime number?
True
Is 9204659 a composite number?
False
Is 794411 composite?
True
Is 262401619 a composite number?
False
Is 4085621 a composite number?
False
Is 22132787 a prime number?
False
Is 1507921 composite?
False
Is 126437 a composite number?
True
Is 49737487 composite?
False
Is 4774555 a composite number?
True
Is 11034659 a composite number?
False
Is 32952973 composite?
True
Is 2666081 prime?
False
Is 2338829 a prime number?
False
Is 60512755 prime?
False
Is 20593297 prime?
True
Is 228219141 prime?
False
Is 47186389 prime?
False
Is 126295249 composite?
False
Is 4473487 a composite number?
True
Is 931811 prime?
True
Is 31842505 composite?
True
Is 50099873 prime?
False
Is 687061 prime?
True
Is 8688103 prime?
False
Is 95023919 composite?
True
Is 937117 composite?
True
Is 42995477 prime?
False
Is 1028993813 prime?
True
Is 7030951 a composite number?
False
Is 1236457 a composite number?
True
Is 800227 a composite number?
True
Is 13846109 a prime number?
False
Is 3330527 composite?
False
Is 55933237 a composite number?
False
Is 32904121 a prime number?
False
Is 14097271 a composite number?
False
Is 7735807 prime?
True
Is 258019063 a composite number?
False
Is 199941373 composite?
True
Is 1027783 composite?
False
Is 271260659 a composite number?
False
Is 39907535 composite?
True
Is 4391267 composite?
True
Is 3133667 prime?
False
Is 87627443 prime?
False
Is 8833663 a composite number?
False
Is 13929229 a composite number?
False
Is 1819219 a composite number?
True
Is 434909 a prime number?
True
Is 587471 a composite number?
True
Is 745231 composite?
False
Is 457547 a composite number?
False
Is 1920346 a composite number?
True
Is 51438743 a composite number?
False
Is 228939679 prime?
False
Is 449741 composite?
False
Is 2154307 a prime number?
True
Is 31733093 composite?
True
Is 34677457 a composite number?
True
Is 273626 composite?
True
Is 2214061 prime?
False
Is 30377173 composite?
True
Is 66138067 a composite number?
True
Is 354288349 prime?
True
Is 754405 a prime number?
False
Is 175100123 composite?
True
Is 46724045 prime?
False
Is 63058297 a prime number?
True
Is 26972434 composite?
True
Is 59159 a composite number?
False
Is 107508701 a prime number?
True
Is 40901317 a prime number?
False
Is 3561091 prime?
True
Is 34109897 a composite number?
True
Is 137106539 a prime number?
True
Is 67211017 a composite number?
False
Is 33955111 a composite number?
True
Is 3416223 a prime number?
False
Is 58177663 prime?
False
Is 44722961 a composite number?
True
Is 5693497 prime?
False
Is 109445467 a composite number?
False
Is 65946541 a prime number?
False
Is 401861 composite?
False
Is 11186597 composite?
False
Is 451039211 a composite number?
True
Is 38539693 composite?
True
Is 5329981 composite?
False
Is 1233415 a composite number?
True
Is 839430145 a composite number?
True
Is 746069 prime?
True
Is 3037831 a composite number?
True
Is 85806001 composite?
True
Is 129681199 a composite number?
True
Is 217160401 composite?
True
Is 13613489 a composite number?
False
Is 3278599 a prime number?
True
Is 188501 a composite number?
True
Is 131843597 prime?
False
Is 7577441 a prime number?
False
Is 206447 prime?
True
Is 952439 composite?
False
Is 7610459 a composite number?
False
Is 242971 prime?
True
Is 114154343 a prime number?
True
Is 2308411 prime?
False
Is 111982181 composite?
True
Is 4016903 a composite number?
True
Is 20540297 a composite number?
True
Is 2498593 a prime number?
True
Is 35339 a prime number?
True
Is 68625803 a composite number?
True
Is 14024551 a composite number?
True
Is 255077 composite?
False
Is 142443109 prime?
False
Is 39612527 a prime number?
False
Is 101729623 prime?
False
Is 4255981 a prime number?
False
Is 908709 a prime number?
False
Is 19120103 composite?
True
Is 11116779 prime?
False
Is 28875733 a prime number?
True
Is 163713467 a composite number?
False
Is 1186291 composite?
False
Is 1339709374 prime?
False
Is 1849877 composite?
False
Is 174649 a composite number?
False
Is 66793115 prime?
False
Is 7660811 composite?
False
Is 515959 a prime number?
False
Is 3647947 a composite number?
False
Is 44522651 composite?
False
Is 2085733 a prime number?
False
Is 3828221 a prime number?
False
Is 95631209 a composite number?
False
Is 201191467 a prime number?
True
Is 21075893 a prime number?
False
Is 3548503 prime?
False
Is 13868629 a prime number?
False
Is 788737 composite?
True
Is 1490947 a prime number?
False
Is 12355493 a prime number?
True
Is 4872853 prime?
True
Is 6368977 a composite number?
False
Is 25888237 composite?
False
Is 1946773 prime?
False
Is 954911 prime?
True
Is 2860967 prime?
False
Is 1441694 a prime number?
False
Is 105242297 prime?
True
Is 2757529 a composite number?
False
Is 18073439 a prime number?
True
Is 42176649 a composite number?
True
Is 281362387 prime?
False
Is 13323305 prime?
False
Is 142649555 a composite number?
True
Is 707433 composite?
True
Is 182654722 composite?
True
Is 164035979 prime?
True
Is 157833701 composite?
False
Is 80126867 composite?
True
Is 1964849 prime?
True
Is 3320549 a composite number?
True
Is 2878439 a prime number?
True
Is 407627 a composite number?
True
Is 4902141 prime?
False
Is 3162619 a composite number?
False
Is 2023048043 composite?
False
Is 1471649 composite?
False
Is 5742361 a prime number?
True
Is 18591719 prime?
True
Is 110385443 a prime number?
False
Is 121708109 prime?
True
Is 94305677 composite?
True
Is 27195947 composite?
False
Is 835643 a prime number?
True
Is 90645899 a composite number?
False
Is 113665987 a composite number?
False
Is 1291271 prime?
True
Is 71155127 prime?
True
Is 28694453 composite?
True
Is 58046329 composite?
True
Is 4848499 a composite number?
False
Is 397344029 a composite number?
False
Is 25076077 composite?
True
Is 190684993 a prime number?
True
Is 114838293 prime?
False
Is 961321 a composite number?
True
Is 32570189 composite?
False
Is 151110469 composite?
True
Is 288472579 a prime number?
True
Is 31831363 prime?
False
Is 26540347 a prime number?
False
Is 2913863 a composite number?
False
Is 22867 a composite number?
True
Is 58371077 prime?
True
Is 93186259 prime?
False
Is 88586749 prime?
False
Is 943439 composite?
True
Is 93755449 a composite number?
False
Is 3394487 prime?
True
Is 10585937 a composite number?
True
Is 106163 prime?
True
Is 409099 prime?
True
Is 8910833 prime?
True
Is 13996517 a prime number?
True
Is 7094863 prime?
True
Is 37685261 composite?
False
Is 1278362537 composite?
False
Is 102362867 a composite number?
True
Is 1016719257 a prime number?
False
Is 7811443 prime?
False
Is 7884011 a prime number?
False
Is 248441923 composite?
False
Is 32211763 prime?
True
Is 7136401 a composite number?
False
Is 409909 composite?
False
Is 4069943 composite?
True
Is 1229701 composite?
True
Is 2606267 prime?
True
Is 10930939 prime?
False
Is 46391753 a composite number?
True
Is 13709627 prime?
True
Is 84981095 composite?
True
Is 38444599 prime?
False
Is 3198107 a composite number?
True
Is 36368219 a prime number?
False
Is 126568067 a prime number?
True
Is 823741 a prime number?
True
Is 901273 a composite number?
False
Is 337789541 prime?
False
Is 15337947 a prime number?
False
Is 361423691 composite?
False
Is 3656633 a composite number?
False
Is 12935227 a prime number?
False
Is 9168539 a prime number?
False
Is 2716851 a